{"id":1735,"date":"2021-09-10T21:20:45","date_gmt":"2021-09-10T21:20:45","guid":{"rendered":"https:\/\/www.tclegalconsultores.com\/?page_id=1735"},"modified":"2021-09-14T22:48:12","modified_gmt":"2021-09-14T22:48:12","slug":"servicios-para-personas-naturales","status":"publish","type":"page","link":"https:\/\/www.tclegalconsultores.com\/?page_id=1735","title":{"rendered":"Personas naturales"},"content":{"rendered":"\t\t<div data-elementor-type=\"wp-page\" data-elementor-id=\"1735\" class=\"elementor elementor-1735\">\n\t\t\t\t\t\t<section class=\"elementor-section elementor-top-section elementor-element elementor-element-732d70ac elementor-section-height-min-height elementor-section-full_width elementor-section-stretched elementor-section-height-default elementor-section-items-middle\" data-id=\"732d70ac\" data-element_type=\"section\" data-e-type=\"section\" data-settings=\"{&quot;background_background&quot;:&quot;classic&quot;,&quot;shape_divider_bottom&quot;:&quot;arrow&quot;,&quot;shape_divider_bottom_negative&quot;:&quot;yes&quot;,&quot;stretch_section&quot;:&quot;section-stretched&quot;}\">\n\t\t\t\t\t\t\t<div class=\"elementor-background-overlay\"><\/div>\n\t\t\t\t\t\t<div class=\"elementor-shape elementor-shape-bottom\" aria-hidden=\"true\" data-negative=\"true\">\n\t\t\t<svg xmlns=\"http:\/\/www.w3.org\/2000\/svg\" viewBox=\"0 0 700 10\" preserveAspectRatio=\"none\">\n\t<path class=\"elementor-shape-fill\" d=\"M360 0L350 9.9 340 0 0 0 0 10 700 10 700 0\"\/>\n<\/svg>\t\t<\/div>\n\t\t\t\t\t<div class=\"elementor-container elementor-column-gap-default\">\n\t\t\t\t\t<div class=\"elementor-column elementor-col-100 elementor-top-column elementor-element elementor-element-351c64c8\" data-id=\"351c64c8\" data-element_type=\"column\" data-e-type=\"column\">\n\t\t\t<div class=\"elementor-widget-wrap elementor-element-populated\">\n\t\t\t\t\t\t<div class=\"elementor-element elementor-element-9fe2565 elementor-widget elementor-widget-heading\" data-id=\"9fe2565\" data-element_type=\"widget\" data-e-type=\"widget\" data-widget_type=\"heading.default\">\n\t\t\t\t<div class=\"elementor-widget-container\">\n\t\t\t\t\t<h2 class=\"elementor-heading-title elementor-size-default\">SERVICIOS PARA PERSONAS NATURALES<\/h2>\t\t\t\t<\/div>\n\t\t\t\t<\/div>\n\t\t\t\t\t<\/div>\n\t\t<\/div>\n\t\t\t\t\t<\/div>\n\t\t<\/section>\n\t\t\t\t<section class=\"elementor-section elementor-top-section elementor-element elementor-element-5cdb28c4 elementor-section-full_width elementor-section-height-min-height elementor-section-items-stretch elementor-section-content-middle elementor-section-height-default\" data-id=\"5cdb28c4\" data-element_type=\"section\" data-e-type=\"section\">\n\t\t\t\t\t\t<div class=\"elementor-container elementor-column-gap-default\">\n\t\t\t\t\t<div class=\"elementor-column elementor-col-50 elementor-top-column elementor-element elementor-element-7c207640\" data-id=\"7c207640\" data-element_type=\"column\" data-e-type=\"column\" data-settings=\"{&quot;background_background&quot;:&quot;none&quot;}\">\n\t\t\t<div class=\"elementor-widget-wrap elementor-element-populated\">\n\t\t\t\t\t\t<div class=\"elementor-element elementor-element-19bad5b0 elementor-widget elementor-widget-heading\" data-id=\"19bad5b0\" data-element_type=\"widget\" data-e-type=\"widget\" data-widget_type=\"heading.default\">\n\t\t\t\t<div class=\"elementor-widget-container\">\n\t\t\t\t\t<h2 class=\"elementor-heading-title elementor-size-large\">DERECHO DE FAMILIA<\/h2>\t\t\t\t<\/div>\n\t\t\t\t<\/div>\n\t\t\t\t<div class=\"elementor-element elementor-element-9511403 elementor-widget elementor-widget-text-editor\" data-id=\"9511403\" data-element_type=\"widget\" data-e-type=\"widget\" data-widget_type=\"text-editor.default\">\n\t\t\t\t<div class=\"elementor-widget-container\">\n\t\t\t\t\t\t\t\t\t<ol><li style=\"text-align: left;\">Alimentos (Fijaci\u00f3n, regulaci\u00f3n, disminuci\u00f3n, incremento y exoneraci\u00f3n)<\/li><li style=\"text-align: left;\">Acciones alimentarias con embargos en el exterior, con base en aplicaci\u00f3n de Tratados Internacionales<\/li><li style=\"text-align: left;\">Divorcios Civiles y Religiosos de matrimonios celebrados en Colombia y en el Exterior<\/li><li style=\"text-align: left;\">Liquidaci\u00f3n de Sociedad Conyugal con bienes en Colombia y en el Exterior.<\/li><li style=\"text-align: left;\">Uni\u00f3n Marital de Hecho entre compa\u00f1eros permanentes.<\/li><li style=\"text-align: left;\">Filiaci\u00f3n Extramatrimonial (Paternidad o maternidad responsable)<\/li><\/ol>\t\t\t\t\t\t\t\t<\/div>\n\t\t\t\t<\/div>\n\t\t\t\t\t<\/div>\n\t\t<\/div>\n\t\t\t\t<div class=\"elementor-column elementor-col-50 elementor-top-column elementor-element elementor-element-443994b4\" data-id=\"443994b4\" data-element_type=\"column\" data-e-type=\"column\" data-settings=\"{&quot;background_background&quot;:&quot;classic&quot;}\">\n\t\t\t<div class=\"elementor-widget-wrap elementor-element-populated\">\n\t\t\t\t\t\t<div class=\"elementor-element elementor-element-85903cb elementor-widget elementor-widget-text-editor\" data-id=\"85903cb\" data-element_type=\"widget\" data-e-type=\"widget\" data-widget_type=\"text-editor.default\">\n\t\t\t\t<div class=\"elementor-widget-container\">\n\t\t\t\t\t\t\t\t\t<p>7. Sucesiones, incluye fallecimiento de Colombianos fuera del Pa\u00eds y con bienes en territorio extranjero.<\/p><p>8. Testamentos (Redacci\u00f3n, suscripci\u00f3n e inscripci\u00f3n de testamentos).<\/p><p>9. Permiso de salida del Pa\u00eds para menores de edad de car\u00e1cter transitorio o permanente<\/p><p>10. Regulaci\u00f3n de visitas<\/p><p>11. Restituci\u00f3n Internacional de menores y regulaci\u00f3n de visitas de menores y\/o padres que residen en el exterior.<\/p><p>12. Capitulaciones matrimoniales o acuerdos prenupciales para la determinaci\u00f3n del r\u00e9gimen econ\u00f3mico marital<\/p><p>13. Adopciones<\/p>\t\t\t\t\t\t\t\t<\/div>\n\t\t\t\t<\/div>\n\t\t\t\t\t<\/div>\n\t\t<\/div>\n\t\t\t\t\t<\/div>\n\t\t<\/section>\n\t\t\t\t<section class=\"elementor-section elementor-top-section elementor-element elementor-element-5ccb0f24 elementor-section-content-middle elementor-section-boxed elementor-section-height-default elementor-section-height-default\" data-id=\"5ccb0f24\" data-element_type=\"section\" data-e-type=\"section\" data-settings=\"{&quot;background_background&quot;:&quot;classic&quot;}\">\n\t\t\t\t\t\t<div class=\"elementor-container elementor-column-gap-no\">\n\t\t\t\t\t<div class=\"elementor-column elementor-col-100 elementor-top-column elementor-element elementor-element-15d5a879\" data-id=\"15d5a879\" data-element_type=\"column\" data-e-type=\"column\" data-settings=\"{&quot;background_background&quot;:&quot;classic&quot;}\">\n\t\t\t<div class=\"elementor-widget-wrap elementor-element-populated\">\n\t\t\t\t\t\t<div class=\"elementor-element elementor-element-1182d23 elementor-widget elementor-widget-heading\" data-id=\"1182d23\" data-element_type=\"widget\" data-e-type=\"widget\" data-widget_type=\"heading.default\">\n\t\t\t\t<div class=\"elementor-widget-container\">\n\t\t\t\t\t<h2 class=\"elementor-heading-title elementor-size-large\">DERECHO LABORAL<\/h2>\t\t\t\t<\/div>\n\t\t\t\t<\/div>\n\t\t\t\t<div class=\"elementor-element elementor-element-9cab901 elementor-widget elementor-widget-text-editor\" data-id=\"9cab901\" data-element_type=\"widget\" data-e-type=\"widget\" data-widget_type=\"text-editor.default\">\n\t\t\t\t<div class=\"elementor-widget-container\">\n\t\t\t\t\t\t\t\t\t<h4 style=\"text-align: center;\"><strong>PENSIONES<\/strong><\/h4><ul><li style=\"text-align: left;\">Asesor\u00edas para el reconocimiento de todo tipo de pensiones ante Colpensiones, UGPP y Fondos Privado de Pensiones.<\/li><li style=\"text-align: left;\">Pensiones de invalidez y sobrevivientes con s\u00f3lo 26 o 300 semanas cotizadas.<\/li><li style=\"text-align: left;\">Traslados a Colpensiones \u2013 Fondo privado.<\/li><li style=\"text-align: left;\">Estudio y correcci\u00f3n de historias laborales.<\/li><li style=\"text-align: left;\">Recuperaci\u00f3n de semanas por deudas patronales.<\/li><li style=\"text-align: left;\">C\u00e1lculos y proyecciones actuariales.<\/li><li style=\"text-align: left;\">Reliquidaci\u00f3n de bonos pensionales.<\/li><li style=\"text-align: left;\">Podr\u00edan tener derecho a un incremento de su pensi\u00f3n si esta fue otorgada antes del 2004.<\/li><li style=\"text-align: left;\">Reliquidaci\u00f3n de pensiones a empleados p\u00fablicos con el promedio de lo obtenido en el \u00faltimo a\u00f1o de servicio.<\/li><li style=\"text-align: left;\">Reliquidaci\u00f3n de pensiones del magisterio por factores salariales.<\/li><li style=\"text-align: left;\">Demanda por intereses moratorios no pagados.<\/li><li style=\"text-align: left;\">Asesor\u00eda personalizada sobre qu\u00e9 r\u00e9gimen pensional le es m\u00e1s favorable.<\/li><li style=\"text-align: left;\">Pensi\u00f3n familiar.<\/li><li style=\"text-align: left;\">Indemnizaciones sustitutivas.<\/li><li style=\"text-align: left;\">Devoluciones de saldos.<\/li><li style=\"text-align: left;\">Auxilios funerarios.<\/li><\/ul>\t\t\t\t\t\t\t\t<\/div>\n\t\t\t\t<\/div>\n\t\t\t\t\t<\/div>\n\t\t<\/div>\n\t\t\t\t\t<\/div>\n\t\t<\/section>\n\t\t\t\t<section class=\"elementor-section elementor-top-section elementor-element elementor-element-5f630f2d elementor-section-full_width elementor-section-height-min-height elementor-section-items-stretch elementor-section-content-middle elementor-section-height-default\" data-id=\"5f630f2d\" data-element_type=\"section\" data-e-type=\"section\">\n\t\t\t\t\t\t<div class=\"elementor-container elementor-column-gap-default\">\n\t\t\t\t\t<div class=\"elementor-column elementor-col-50 elementor-top-column elementor-element elementor-element-aa2ac1d\" data-id=\"aa2ac1d\" data-element_type=\"column\" data-e-type=\"column\">\n\t\t\t<div class=\"elementor-widget-wrap elementor-element-populated\">\n\t\t\t\t\t\t<div class=\"elementor-element elementor-element-3d65a0d8 elementor-widget elementor-widget-heading\" data-id=\"3d65a0d8\" data-element_type=\"widget\" data-e-type=\"widget\" data-widget_type=\"heading.default\">\n\t\t\t\t<div class=\"elementor-widget-container\">\n\t\t\t\t\t<h2 class=\"elementor-heading-title elementor-size-large\">PROCESOS LABORALES<\/h2>\t\t\t\t<\/div>\n\t\t\t\t<\/div>\n\t\t\t\t<div class=\"elementor-element elementor-element-50a12d5 elementor-widget elementor-widget-text-editor\" data-id=\"50a12d5\" data-element_type=\"widget\" data-e-type=\"widget\" data-widget_type=\"text-editor.default\">\n\t\t\t\t<div class=\"elementor-widget-container\">\n\t\t\t\t\t\t\t\t\t<ul><li style=\"text-align: left;\">Acci\u00f3n de reintegro por despido en estados de incapacidad o embarazo.<\/li><li style=\"text-align: left;\">Indemnizaci\u00f3n por despido injusto.<\/li><li style=\"text-align: left;\">Indemnizaciones por accidentes de trabajo y enfermedades laborales.<\/li><li style=\"text-align: left;\">Procesos por contrato realidad o sindicales.<\/li><\/ul><h4 style=\"text-align: center;\"><strong>MEDICINA LABORAL<\/strong><\/h4><ul><li style=\"text-align: left;\">Procesos para calificaci\u00f3n de p\u00e9rdida de capacidad laboral.<\/li><li style=\"text-align: left;\">Demandas por dict\u00e1menes de p\u00e9rdida de capacidad laboral desfavorables.<\/li><li style=\"text-align: left;\">Reconocimiento de incapacidades m\u00e9dicas no pagadas.<\/li><li style=\"text-align: left;\">Retroactivos de pago de incapacidades.<\/li><\/ul>\t\t\t\t\t\t\t\t<\/div>\n\t\t\t\t<\/div>\n\t\t\t\t\t<\/div>\n\t\t<\/div>\n\t\t\t\t<div class=\"elementor-column elementor-col-50 elementor-top-column elementor-element elementor-element-783abd87\" data-id=\"783abd87\" data-element_type=\"column\" data-e-type=\"column\" data-settings=\"{&quot;background_background&quot;:&quot;classic&quot;}\">\n\t\t\t<div class=\"elementor-widget-wrap elementor-element-populated\">\n\t\t\t\t\t\t<div class=\"elementor-element elementor-element-7850d9e elementor-widget elementor-widget-heading\" data-id=\"7850d9e\" data-element_type=\"widget\" data-e-type=\"widget\" data-widget_type=\"heading.default\">\n\t\t\t\t<div class=\"elementor-widget-container\">\n\t\t\t\t\t<h2 class=\"elementor-heading-title elementor-size-large\">PROCESOS ASESOR\u00cdAS Y LIQUIDACIONES<\/h2>\t\t\t\t<\/div>\n\t\t\t\t<\/div>\n\t\t\t\t<section class=\"elementor-section elementor-inner-section elementor-element elementor-element-54b85876 elementor-section-height-default elementor-section-boxed elementor-section-height-default\" data-id=\"54b85876\" data-element_type=\"section\" data-e-type=\"section\">\n\t\t\t\t\t\t<div class=\"elementor-container elementor-column-gap-default\">\n\t\t\t\t\t<div class=\"elementor-column elementor-col-100 elementor-inner-column elementor-element elementor-element-67c0500\" data-id=\"67c0500\" data-element_type=\"column\" data-e-type=\"column\">\n\t\t\t<div class=\"elementor-widget-wrap elementor-element-populated\">\n\t\t\t\t\t\t<div class=\"elementor-element elementor-element-32e369f elementor-widget elementor-widget-text-editor\" data-id=\"32e369f\" data-element_type=\"widget\" data-e-type=\"widget\" data-widget_type=\"text-editor.default\">\n\t\t\t\t<div class=\"elementor-widget-container\">\n\t\t\t\t\t\t\t\t\t<ol><li>Despido sin justa causa<\/li><li>Reintegro laboral<\/li><li>Suspensi\u00f3n del contrato\u00a0<\/li><li>No pago Incapacidades m\u00e9dicas<\/li><li>Despido\u00a0por razones de salud<\/li><li>No pago de salarios<\/li><li>No pago a aportes a seguridad social<\/li><li>Liquidaciones laborales<\/li><li>Asesor\u00eda en casos de acoso laboral<\/li><li>Accidente de trabajo y enfermedades laborales<\/li><li>Procesos para calificaci\u00f3n de p\u00e9rdida de capacidad laboral.<\/li><li>Demandas por dict\u00e1menes de p\u00e9rdida de capacidad laboral desfavorables.<\/li><li>Demandas por responsabilidad m\u00e9dica.<\/li><li>Reconocimiento de incapacidades m\u00e9dicas no pagadas.<\/li><li>Retroactivos de pago de incapacidades<\/li><li>Elaboraci\u00f3n de conceptos jur\u00eddicos en materia de Derecho Laboral Individual.<\/li><\/ol>\t\t\t\t\t\t\t\t<\/div>\n\t\t\t\t<\/div>\n\t\t\t\t\t<\/div>\n\t\t<\/div>\n\t\t\t\t\t<\/div>\n\t\t<\/section>\n\t\t\t\t\t<\/div>\n\t\t<\/div>\n\t\t\t\t\t<\/div>\n\t\t<\/section>\n\t\t\t\t<section class=\"elementor-section elementor-top-section elementor-element elementor-element-323824a elementor-section-boxed elementor-section-height-default elementor-section-height-default\" data-id=\"323824a\" data-element_type=\"section\" data-e-type=\"section\">\n\t\t\t\t\t\t<div class=\"elementor-container elementor-column-gap-default\">\n\t\t\t\t\t<div class=\"elementor-column elementor-col-100 elementor-top-column elementor-element elementor-element-792c27c\" data-id=\"792c27c\" data-element_type=\"column\" data-e-type=\"column\">\n\t\t\t<div class=\"elementor-widget-wrap elementor-element-populated\">\n\t\t\t\t\t\t<div class=\"elementor-element elementor-element-fbee9b9 elementor-widget elementor-widget-heading\" data-id=\"fbee9b9\" data-element_type=\"widget\" data-e-type=\"widget\" data-widget_type=\"heading.default\">\n\t\t\t\t<div class=\"elementor-widget-container\">\n\t\t\t\t\t<h2 class=\"elementor-heading-title elementor-size-large\">TUTELAS<\/h2>\t\t\t\t<\/div>\n\t\t\t\t<\/div>\n\t\t\t\t<div class=\"elementor-element elementor-element-4d8f63d elementor-widget elementor-widget-text-editor\" data-id=\"4d8f63d\" data-element_type=\"widget\" data-e-type=\"widget\" data-widget_type=\"text-editor.default\">\n\t\t\t\t<div class=\"elementor-widget-container\">\n\t\t\t\t\t\t\t\t\t<ol><li style=\"text-align: left;\">En salud (por procedimientos cl\u00ednicos y medicamentos negados).<\/li><li style=\"text-align: left;\">Por no pago de incapacidades.<\/li><li style=\"text-align: left;\">Para lograr el reintegro de trabajadores en estados de incapacidad.<\/li><li style=\"text-align: left;\">Para lograr el reintegro de mujeres en estado de embarazo.<\/li><li style=\"text-align: left;\">En defensa y protecci\u00f3n de los derechos fundamentales.<\/li><li style=\"text-align: left;\">Pata proteger al trabajador en estabilidad laboral reforzada.<\/li><\/ol>\t\t\t\t\t\t\t\t<\/div>\n\t\t\t\t<\/div>\n\t\t\t\t\t<\/div>\n\t\t<\/div>\n\t\t\t\t\t<\/div>\n\t\t<\/section>\n\t\t\t\t<section class=\"elementor-section elementor-top-section elementor-element elementor-element-843c0d9 elementor-section-boxed elementor-section-height-default elementor-section-height-default\" data-id=\"843c0d9\" data-element_type=\"section\" data-e-type=\"section\">\n\t\t\t\t\t\t<div class=\"elementor-container elementor-column-gap-default\">\n\t\t\t\t\t<div class=\"elementor-column elementor-col-100 elementor-top-column elementor-element elementor-element-937eec9\" data-id=\"937eec9\" data-element_type=\"column\" data-e-type=\"column\">\n\t\t\t<div class=\"elementor-widget-wrap elementor-element-populated\">\n\t\t\t\t\t\t<div class=\"elementor-element elementor-element-e6ef7de elementor-widget elementor-widget-heading\" data-id=\"e6ef7de\" data-element_type=\"widget\" data-e-type=\"widget\" data-widget_type=\"heading.default\">\n\t\t\t\t<div class=\"elementor-widget-container\">\n\t\t\t\t\t<h2 class=\"elementor-heading-title elementor-size-default\">DERECHO CIVIL<\/h2>\t\t\t\t<\/div>\n\t\t\t\t<\/div>\n\t\t\t\t\t<\/div>\n\t\t<\/div>\n\t\t\t\t\t<\/div>\n\t\t<\/section>\n\t\t\t\t<section class=\"elementor-section elementor-top-section elementor-element elementor-element-c1f2864 elementor-section-full_width elementor-section-stretched elementor-section-height-default elementor-section-height-default\" data-id=\"c1f2864\" data-element_type=\"section\" data-e-type=\"section\" data-settings=\"{&quot;stretch_section&quot;:&quot;section-stretched&quot;,&quot;background_background&quot;:&quot;classic&quot;}\">\n\t\t\t\t\t\t<div class=\"elementor-container elementor-column-gap-default\">\n\t\t\t\t\t<div class=\"elementor-column elementor-col-50 elementor-top-column elementor-element elementor-element-fd42f98\" data-id=\"fd42f98\" data-element_type=\"column\" data-e-type=\"column\">\n\t\t\t<div class=\"elementor-widget-wrap elementor-element-populated\">\n\t\t\t\t\t\t<div class=\"elementor-element elementor-element-35afbe4 elementor-widget elementor-widget-heading\" data-id=\"35afbe4\" data-element_type=\"widget\" data-e-type=\"widget\" data-widget_type=\"heading.default\">\n\t\t\t\t<div class=\"elementor-widget-container\">\n\t\t\t\t\t<h2 class=\"elementor-heading-title elementor-size-default\">PROCESOS CIVILES<\/h2>\t\t\t\t<\/div>\n\t\t\t\t<\/div>\n\t\t\t\t<div class=\"elementor-element elementor-element-a091b18 elementor-widget elementor-widget-text-editor\" data-id=\"a091b18\" data-element_type=\"widget\" data-e-type=\"widget\" data-widget_type=\"text-editor.default\">\n\t\t\t\t<div class=\"elementor-widget-container\">\n\t\t\t\t\t\t\t\t\t<p>Ejecutivos (Ejecuci\u00f3n).<\/p><p>Prescripciones.<\/p><p>Resoluci\u00f3n de Contratos.<\/p><p>Sucesiones.<\/p><p>Declarativos y verbales.<\/p><p>Recuperaci\u00f3n de Cartera Morosa.<\/p><p>Tutelas y Derechos de Petici\u00f3n.<\/p>\t\t\t\t\t\t\t\t<\/div>\n\t\t\t\t<\/div>\n\t\t\t\t\t<\/div>\n\t\t<\/div>\n\t\t\t\t<div class=\"elementor-column elementor-col-50 elementor-top-column elementor-element elementor-element-4d23e0e\" data-id=\"4d23e0e\" data-element_type=\"column\" data-e-type=\"column\">\n\t\t\t<div class=\"elementor-widget-wrap elementor-element-populated\">\n\t\t\t\t\t\t<div class=\"elementor-element elementor-element-0375d72 elementor-widget elementor-widget-heading\" data-id=\"0375d72\" data-element_type=\"widget\" data-e-type=\"widget\" data-widget_type=\"heading.default\">\n\t\t\t\t<div class=\"elementor-widget-container\">\n\t\t\t\t\t<h2 class=\"elementor-heading-title elementor-size-default\">CONTRATOS CIVILES<\/h2>\t\t\t\t<\/div>\n\t\t\t\t<\/div>\n\t\t\t\t<div class=\"elementor-element elementor-element-c7e3eec elementor-widget elementor-widget-text-editor\" data-id=\"c7e3eec\" data-element_type=\"widget\" data-e-type=\"widget\" data-widget_type=\"text-editor.default\">\n\t\t\t\t<div class=\"elementor-widget-container\">\n\t\t\t\t\t\t\t\t\t<p>Arrendamiento.<\/p><p>Compraventa &#8211; Permuta.<\/p><p>Fianza.<\/p><p>Mutuo.<\/p><p>Responsabilidad Civil Contractual.<\/p><p>Responsabilidad Civil Extracontractual.<\/p><p>Responsabilidad M\u00e9dica.<\/p>\t\t\t\t\t\t\t\t<\/div>\n\t\t\t\t<\/div>\n\t\t\t\t\t<\/div>\n\t\t<\/div>\n\t\t\t\t\t<\/div>\n\t\t<\/section>\n\t\t\t\t<section class=\"elementor-section elementor-top-section elementor-element elementor-element-6ac1011 elementor-section-boxed elementor-section-height-default elementor-section-height-default\" data-id=\"6ac1011\" data-element_type=\"section\" data-e-type=\"section\">\n\t\t\t\t\t\t<div class=\"elementor-container elementor-column-gap-default\">\n\t\t\t\t\t<div class=\"elementor-column elementor-col-100 elementor-top-column elementor-element elementor-element-95f9a8c\" data-id=\"95f9a8c\" data-element_type=\"column\" data-e-type=\"column\">\n\t\t\t<div class=\"elementor-widget-wrap\">\n\t\t\t\t\t\t\t<\/div>\n\t\t<\/div>\n\t\t\t\t\t<\/div>\n\t\t<\/section>\n\t\t\t\t<\/div>\n\t\t","protected":false},"excerpt":{"rendered":"<p>SERVICIOS PARA PERSONAS NATURALES DERECHO DE FAMILIA Alimentos (Fijaci\u00f3n, regulaci\u00f3n, disminuci\u00f3n, incremento y exoneraci\u00f3n) Acciones alimentarias con embargos en el exterior, con base en aplicaci\u00f3n de Tratados Internacionales Divorcios Civiles y Religiosos de matrimonios celebrados en Colombia y en el Exterior Liquidaci\u00f3n de Sociedad Conyugal con bienes en Colombia y en el Exterior. Uni\u00f3n Marital [&hellip;]<\/p>\n","protected":false},"author":1,"featured_media":0,"parent":0,"menu_order":0,"comment_status":"closed","ping_status":"closed","template":"","meta":{"site-sidebar-layout":"no-sidebar","site-content-layout":"page-builder","ast-site-content-layout":"","site-content-style":"default","site-sidebar-style":"default","ast-global-header-display":"","ast-banner-title-visibility":"","ast-main-header-display":"","ast-hfb-above-header-display":"","ast-hfb-below-header-display":"","ast-hfb-mobile-header-display":"","site-post-title":"disabled","ast-breadcrumbs-content":"","ast-featured-img":"disabled","footer-sml-layout":"","theme-transparent-header-meta":"default","adv-header-id-meta":"","stick-header-meta":"","header-above-stick-meta":"","header-main-stick-meta":"","header-below-stick-meta":"","astra-migrate-meta-layouts":"default","ast-page-background-enabled":"default","ast-page-background-meta":{"desktop":{"background-color":"","background-image":"","background-repeat":"repeat","background-position":"center center","background-size":"auto","background-attachment":"scroll","background-type":"","background-media":"","overlay-type":"","overlay-color":"","overlay-opacity":"","overlay-gradient":""},"tablet":{"background-color":"","background-image":"","background-repeat":"repeat","background-position":"center center","background-size":"auto","background-attachment":"scroll","background-type":"","background-media":"","overlay-type":"","overlay-color":"","overlay-opacity":"","overlay-gradient":""},"mobile":{"background-color":"","background-image":"","background-repeat":"repeat","background-position":"center center","background-size":"auto","background-attachment":"scroll","background-type":"","background-media":"","overlay-type":"","overlay-color":"","overlay-opacity":"","overlay-gradient":""}},"ast-content-background-meta":{"desktop":{"background-color":"var(--ast-global-color-5)","background-image":"","background-repeat":"repeat","background-position":"center center","background-size":"auto","background-attachment":"scroll","background-type":"","background-media":"","overlay-type":"","overlay-color":"","overlay-opacity":"","overlay-gradient":""},"tablet":{"background-color":"var(--ast-global-color-5)","background-image":"","background-repeat":"repeat","background-position":"center center","background-size":"auto","background-attachment":"scroll","background-type":"","background-media":"","overlay-type":"","overlay-color":"","overlay-opacity":"","overlay-gradient":""},"mobile":{"background-color":"var(--ast-global-color-5)","background-image":"","background-repeat":"repeat","background-position":"center center","background-size":"auto","background-attachment":"scroll","background-type":"","background-media":"","overlay-type":"","overlay-color":"","overlay-opacity":"","overlay-gradient":""}},"footnotes":""},"class_list":["post-1735","page","type-page","status-publish","hentry"],"_links":{"self":[{"href":"https:\/\/www.tclegalconsultores.com\/index.php?rest_route=\/wp\/v2\/pages\/1735","targetHints":{"allow":["GET"]}}],"collection":[{"href":"https:\/\/www.tclegalconsultores.com\/index.php?rest_route=\/wp\/v2\/pages"}],"about":[{"href":"https:\/\/www.tclegalconsultores.com\/index.php?rest_route=\/wp\/v2\/types\/page"}],"author":[{"embeddable":true,"href":"https:\/\/www.tclegalconsultores.com\/index.php?rest_route=\/wp\/v2\/users\/1"}],"replies":[{"embeddable":true,"href":"https:\/\/www.tclegalconsultores.com\/index.php?rest_route=%2Fwp%2Fv2%2Fcomments&post=1735"}],"version-history":[{"count":161,"href":"https:\/\/www.tclegalconsultores.com\/index.php?rest_route=\/wp\/v2\/pages\/1735\/revisions"}],"predecessor-version":[{"id":2693,"href":"https:\/\/www.tclegalconsultores.com\/index.php?rest_route=\/wp\/v2\/pages\/1735\/revisions\/2693"}],"wp:attachment":[{"href":"https:\/\/www.tclegalconsultores.com\/index.php?rest_route=%2Fwp%2Fv2%2Fmedia&parent=1735"}],"curies":[{"name":"wp","href":"https:\/\/api.w.org\/{rel}","templated":true}]}}